{"id":27,"date":"2017-10-16T11:31:15","date_gmt":"2017-10-16T09:31:15","guid":{"rendered":"http:\/\/studio-photo-salon.fr\/?page_id=27"},"modified":"2023-04-14T16:12:28","modified_gmt":"2023-04-14T14:12:28","slug":"contact","status":"publish","type":"page","link":"https:\/\/studio-photo-salon.fr\/index.php\/contact\/","title":{"rendered":"Contact"},"content":{"rendered":"\n<p class=\"has-text-align-center\" style=\"font-size:30px\"><strong>Notre Boutique, Studio Photo   <\/strong><\/p>\n\n\n\n<p class=\"has-text-align-center\"> un parking gratuit r\u00e9serv\u00e9<\/p>\n\n\n\n<div class=\"wp-block-columns has-very-light-gray-background-color has-background is-layout-flex wp-container-core-columns-is-layout-1 wp-block-columns-is-layout-flex\">\n<div class=\"wp-block-column is-layout-flow wp-block-column-is-layout-flow\">\n<p class=\"has-text-align-center has-medium-font-size\"><strong>9h &#8211; 19h <\/strong><br><strong>NON-STOP<\/strong><\/p>\n<\/div>\n\n\n\n<div class=\"wp-block-column is-layout-flow wp-block-column-is-layout-flow\">\n<p class=\"has-text-align-center has-medium-font-size\"><strong>Ouvert tous les jours- sauf dimanche <\/strong><br><strong>et jours f\u00e9ri\u00e9<\/strong>s<\/p>\n<\/div>\n<\/div>\n\n\n\n<div class=\"wp-block-columns is-layout-flex wp-container-core-columns-is-layout-2 wp-block-columns-is-layout-flex\">\n<div class=\"wp-block-column is-layout-flow wp-block-column-is-layout-flow\">\n<figure class=\"wp-block-image size-large\"><img loading=\"lazy\" decoding=\"async\" width=\"1024\" height=\"683\" src=\"https:\/\/studio-photo-salon.fr\/wp-content\/uploads\/2017\/10\/0002-1-1024x683.jpg\" alt=\"\" class=\"wp-image-1060\" srcset=\"https:\/\/studio-photo-salon.fr\/wp-content\/uploads\/2017\/10\/0002-1-1024x683.jpg 1024w, https:\/\/studio-photo-salon.fr\/wp-content\/uploads\/2017\/10\/0002-1-300x200.jpg 300w, https:\/\/studio-photo-salon.fr\/wp-content\/uploads\/2017\/10\/0002-1-768x512.jpg 768w\" sizes=\"auto, (max-width: 1024px) 100vw, 1024px\" \/><\/figure>\n<\/div>\n\n\n\n<div class=\"wp-block-column is-layout-flow wp-block-column-is-layout-flow\">\n<figure class=\"wp-block-image size-large\"><img loading=\"lazy\" decoding=\"async\" width=\"1024\" height=\"683\" src=\"https:\/\/studio-photo-salon.fr\/wp-content\/uploads\/2017\/10\/0001-1-1024x683.jpg\" alt=\"\" class=\"wp-image-1059\" srcset=\"https:\/\/studio-photo-salon.fr\/wp-content\/uploads\/2017\/10\/0001-1-1024x683.jpg 1024w, https:\/\/studio-photo-salon.fr\/wp-content\/uploads\/2017\/10\/0001-1-300x200.jpg 300w, https:\/\/studio-photo-salon.fr\/wp-content\/uploads\/2017\/10\/0001-1-768x512.jpg 768w\" sizes=\"auto, (max-width: 1024px) 100vw, 1024px\" \/><\/figure>\n\n\n\n<p><\/p>\n<\/div>\n<\/div>\n\n\n\n<p class=\"has-text-align-center has-very-light-gray-background-color has-background has-medium-font-size\">Studio Photo Salon de Provence<br>50 Chemin de rigaud- 13300 Salon de Provence<br>04.90.53.31.43<\/p>\n\n\n\n<p><\/p>\n\n\n\n<p>&nbsp;<\/p>\n<p><iframe loading=\"lazy\" style=\"border: 0;\" src=\"https:\/\/www.google.com\/maps\/embed?pb=!1m18!1m12!1m3!1d2888.2475293827683!2d5.085083015496733!3d43.62220677912234!2m3!1f0!2f0!3f0!3m2!1i1024!2i768!4f13.1!3m3!1m2!1s0x0%3A0x7484ce3e8a5f66d9!2sStudio+photo!5e0!3m2!1sfr!2sfr!4v1563626829523!5m2!1sfr!2sfr\" width=\"1200\" height=\"450\" frameborder=\"0\" allowfullscreen=\"allowfullscreen\"><\/iframe><\/p>\n\n\n\n<div class=\"wp-block-columns is-layout-flex wp-container-core-columns-is-layout-3 wp-block-columns-is-layout-flex\">\n<div class=\"wp-block-column is-layout-flow wp-block-column-is-layout-flow\">\n<p class=\"has-text-align-center has-normal-font-size\">Nous contacter par t\u00e9l\u00e9phone:<\/p>\n\n\n\n<p class=\"has-text-align-center has-large-font-size\">04.90.53.31.43<\/p>\n<\/div>\n\n\n\n<div class=\"wp-block-column is-layout-flow wp-block-column-is-layout-flow\">\n<p class=\"has-text-align-center has-normal-font-size\">Notre page Facebook:<\/p>\n\n\n\n<figure class=\"wp-block-image size-large\"><a href=\"https:\/\/www.facebook.com\/studiophotosalondeprovence\" target=\"_blank\" rel=\"noopener noreferrer\"><img loading=\"lazy\" decoding=\"async\" width=\"512\" height=\"102\" src=\"https:\/\/studio-photo-salon.fr\/wp-content\/uploads\/2020\/10\/cont-facebook.jpg\" alt=\"\" class=\"wp-image-1545\" srcset=\"https:\/\/studio-photo-salon.fr\/wp-content\/uploads\/2020\/10\/cont-facebook.jpg 512w, https:\/\/studio-photo-salon.fr\/wp-content\/uploads\/2020\/10\/cont-facebook-300x60.jpg 300w, https:\/\/studio-photo-salon.fr\/wp-content\/uploads\/2020\/10\/cont-facebook-510x102.jpg 510w\" sizes=\"auto, (max-width: 512px) 100vw, 512px\" \/><\/a><\/figure>\n<\/div>\n\n\n\n<div class=\"wp-block-column is-layout-flow wp-block-column-is-layout-flow\">\n<p class=\"has-text-align-center has-normal-font-size\">Nous contacter par mail:<\/p>\n\n\n\n<figure class=\"wp-block-image size-large\"><img loading=\"lazy\" decoding=\"async\" width=\"400\" height=\"80\" src=\"https:\/\/studio-photo-salon.fr\/wp-content\/uploads\/2020\/10\/cont-mail.jpg\" alt=\"\" class=\"wp-image-1544\" srcset=\"https:\/\/studio-photo-salon.fr\/wp-content\/uploads\/2020\/10\/cont-mail.jpg 400w, https:\/\/studio-photo-salon.fr\/wp-content\/uploads\/2020\/10\/cont-mail-300x60.jpg 300w\" sizes=\"auto, (max-width: 400px) 100vw, 400px\" \/><\/figure>\n<\/div>\n<\/div>\n\n\n\n<p><\/p>\n","protected":false},"excerpt":{"rendered":"<p>Notre Boutique, Studio Photo un parking gratuit r\u00e9serv\u00e9 9h &#8211; 19h NON-STOP Ouvert tous les jours- sauf dimanche et jours f\u00e9ri\u00e9s Studio Photo Salon de Provence50 Chemin de rigaud- 13300 Salon de Provence04.90.53.31.43 &nbsp; Nous contacter par t\u00e9l\u00e9phone: 04.90.53.31.43 Notre page Facebook: Nous contacter par mail:<\/p>\n","protected":false},"author":1,"featured_media":0,"parent":0,"menu_order":0,"comment_status":"closed","ping_status":"closed","template":"","meta":{"ngg_post_thumbnail":0,"footnotes":""},"class_list":["post-27","page","type-page","status-publish","czr-hentry"],"yoast_head":"<!-- This site is optimized with the Yoast SEO plugin v24.5 - https:\/\/yoast.com\/wordpress\/plugins\/seo\/ -->\n<title>Contact - Studio Photo Salon de Provence<\/title>\n<meta name=\"robots\" content=\"index, follow, max-snippet:-1, max-image-preview:large, max-video-preview:-1\" \/>\n<link rel=\"canonical\" href=\"https:\/\/studio-photo-salon.fr\/index.php\/contact\/\" \/>\n<meta property=\"og:locale\" content=\"fr_FR\" \/>\n<meta property=\"og:type\" content=\"article\" \/>\n<meta property=\"og:title\" content=\"Contact - Studio Photo Salon de Provence\" \/>\n<meta property=\"og:description\" content=\"Notre Boutique, Studio Photo un parking gratuit r\u00e9serv\u00e9 9h &#8211; 19h NON-STOP Ouvert tous les jours- sauf dimanche et jours f\u00e9ri\u00e9s Studio Photo Salon de Provence50 Chemin de rigaud- 13300 Salon de Provence04.90.53.31.43 &nbsp; Nous contacter par t\u00e9l\u00e9phone: 04.90.53.31.43 Notre page Facebook: Nous contacter par mail:\" \/>\n<meta property=\"og:url\" content=\"https:\/\/studio-photo-salon.fr\/index.php\/contact\/\" \/>\n<meta property=\"og:site_name\" content=\"Studio Photo Salon de Provence\" \/>\n<meta property=\"article:modified_time\" content=\"2023-04-14T14:12:28+00:00\" \/>\n<meta property=\"og:image\" content=\"https:\/\/studio-photo-salon.fr\/wp-content\/uploads\/2017\/10\/0002-1-1024x683.jpg\" \/>\n<meta name=\"twitter:card\" content=\"summary_large_image\" \/>\n<script type=\"application\/ld+json\" class=\"yoast-schema-graph\">{\"@context\":\"https:\/\/schema.org\",\"@graph\":[{\"@type\":\"WebPage\",\"@id\":\"https:\/\/studio-photo-salon.fr\/index.php\/contact\/\",\"url\":\"https:\/\/studio-photo-salon.fr\/index.php\/contact\/\",\"name\":\"Contact - Studio Photo Salon de Provence\",\"isPartOf\":{\"@id\":\"https:\/\/studio-photo-salon.fr\/#website\"},\"primaryImageOfPage\":{\"@id\":\"https:\/\/studio-photo-salon.fr\/index.php\/contact\/#primaryimage\"},\"image\":{\"@id\":\"https:\/\/studio-photo-salon.fr\/index.php\/contact\/#primaryimage\"},\"thumbnailUrl\":\"https:\/\/studio-photo-salon.fr\/wp-content\/uploads\/2017\/10\/0002-1-1024x683.jpg\",\"datePublished\":\"2017-10-16T09:31:15+00:00\",\"dateModified\":\"2023-04-14T14:12:28+00:00\",\"breadcrumb\":{\"@id\":\"https:\/\/studio-photo-salon.fr\/index.php\/contact\/#breadcrumb\"},\"inLanguage\":\"fr-FR\",\"potentialAction\":[{\"@type\":\"ReadAction\",\"target\":[\"https:\/\/studio-photo-salon.fr\/index.php\/contact\/\"]}]},{\"@type\":\"ImageObject\",\"inLanguage\":\"fr-FR\",\"@id\":\"https:\/\/studio-photo-salon.fr\/index.php\/contact\/#primaryimage\",\"url\":\"https:\/\/studio-photo-salon.fr\/wp-content\/uploads\/2017\/10\/0002-1.jpg\",\"contentUrl\":\"https:\/\/studio-photo-salon.fr\/wp-content\/uploads\/2017\/10\/0002-1.jpg\",\"width\":4594,\"height\":3063},{\"@type\":\"BreadcrumbList\",\"@id\":\"https:\/\/studio-photo-salon.fr\/index.php\/contact\/#breadcrumb\",\"itemListElement\":[{\"@type\":\"ListItem\",\"position\":1,\"name\":\"Accueil\",\"item\":\"https:\/\/studio-photo-salon.fr\/\"},{\"@type\":\"ListItem\",\"position\":2,\"name\":\"Contact\"}]},{\"@type\":\"WebSite\",\"@id\":\"https:\/\/studio-photo-salon.fr\/#website\",\"url\":\"https:\/\/studio-photo-salon.fr\/\",\"name\":\"Studio Photo Salon de Provence\",\"description\":\"Laboratoire et Studio photo\",\"potentialAction\":[{\"@type\":\"SearchAction\",\"target\":{\"@type\":\"EntryPoint\",\"urlTemplate\":\"https:\/\/studio-photo-salon.fr\/?s={search_term_string}\"},\"query-input\":{\"@type\":\"PropertyValueSpecification\",\"valueRequired\":true,\"valueName\":\"search_term_string\"}}],\"inLanguage\":\"fr-FR\"}]}<\/script>\n<!-- \/ Yoast SEO plugin. -->","yoast_head_json":{"title":"Contact - Studio Photo Salon de Provence","robots":{"index":"index","follow":"follow","max-snippet":"max-snippet:-1","max-image-preview":"max-image-preview:large","max-video-preview":"max-video-preview:-1"},"canonical":"https:\/\/studio-photo-salon.fr\/index.php\/contact\/","og_locale":"fr_FR","og_type":"article","og_title":"Contact - Studio Photo Salon de Provence","og_description":"Notre Boutique, Studio Photo un parking gratuit r\u00e9serv\u00e9 9h &#8211; 19h NON-STOP Ouvert tous les jours- sauf dimanche et jours f\u00e9ri\u00e9s Studio Photo Salon de Provence50 Chemin de rigaud- 13300 Salon de Provence04.90.53.31.43 &nbsp; Nous contacter par t\u00e9l\u00e9phone: 04.90.53.31.43 Notre page Facebook: Nous contacter par mail:","og_url":"https:\/\/studio-photo-salon.fr\/index.php\/contact\/","og_site_name":"Studio Photo Salon de Provence","article_modified_time":"2023-04-14T14:12:28+00:00","og_image":[{"url":"https:\/\/studio-photo-salon.fr\/wp-content\/uploads\/2017\/10\/0002-1-1024x683.jpg","type":"","width":"","height":""}],"twitter_card":"summary_large_image","schema":{"@context":"https:\/\/schema.org","@graph":[{"@type":"WebPage","@id":"https:\/\/studio-photo-salon.fr\/index.php\/contact\/","url":"https:\/\/studio-photo-salon.fr\/index.php\/contact\/","name":"Contact - Studio Photo Salon de Provence","isPartOf":{"@id":"https:\/\/studio-photo-salon.fr\/#website"},"primaryImageOfPage":{"@id":"https:\/\/studio-photo-salon.fr\/index.php\/contact\/#primaryimage"},"image":{"@id":"https:\/\/studio-photo-salon.fr\/index.php\/contact\/#primaryimage"},"thumbnailUrl":"https:\/\/studio-photo-salon.fr\/wp-content\/uploads\/2017\/10\/0002-1-1024x683.jpg","datePublished":"2017-10-16T09:31:15+00:00","dateModified":"2023-04-14T14:12:28+00:00","breadcrumb":{"@id":"https:\/\/studio-photo-salon.fr\/index.php\/contact\/#breadcrumb"},"inLanguage":"fr-FR","potentialAction":[{"@type":"ReadAction","target":["https:\/\/studio-photo-salon.fr\/index.php\/contact\/"]}]},{"@type":"ImageObject","inLanguage":"fr-FR","@id":"https:\/\/studio-photo-salon.fr\/index.php\/contact\/#primaryimage","url":"https:\/\/studio-photo-salon.fr\/wp-content\/uploads\/2017\/10\/0002-1.jpg","contentUrl":"https:\/\/studio-photo-salon.fr\/wp-content\/uploads\/2017\/10\/0002-1.jpg","width":4594,"height":3063},{"@type":"BreadcrumbList","@id":"https:\/\/studio-photo-salon.fr\/index.php\/contact\/#breadcrumb","itemListElement":[{"@type":"ListItem","position":1,"name":"Accueil","item":"https:\/\/studio-photo-salon.fr\/"},{"@type":"ListItem","position":2,"name":"Contact"}]},{"@type":"WebSite","@id":"https:\/\/studio-photo-salon.fr\/#website","url":"https:\/\/studio-photo-salon.fr\/","name":"Studio Photo Salon de Provence","description":"Laboratoire et Studio photo","potentialAction":[{"@type":"SearchAction","target":{"@type":"EntryPoint","urlTemplate":"https:\/\/studio-photo-salon.fr\/?s={search_term_string}"},"query-input":{"@type":"PropertyValueSpecification","valueRequired":true,"valueName":"search_term_string"}}],"inLanguage":"fr-FR"}]}},"_links":{"self":[{"href":"https:\/\/studio-photo-salon.fr\/index.php\/wp-json\/wp\/v2\/pages\/27","targetHints":{"allow":["GET"]}}],"collection":[{"href":"https:\/\/studio-photo-salon.fr\/index.php\/wp-json\/wp\/v2\/pages"}],"about":[{"href":"https:\/\/studio-photo-salon.fr\/index.php\/wp-json\/wp\/v2\/types\/page"}],"author":[{"embeddable":true,"href":"https:\/\/studio-photo-salon.fr\/index.php\/wp-json\/wp\/v2\/users\/1"}],"replies":[{"embeddable":true,"href":"https:\/\/studio-photo-salon.fr\/index.php\/wp-json\/wp\/v2\/comments?post=27"}],"version-history":[{"count":43,"href":"https:\/\/studio-photo-salon.fr\/index.php\/wp-json\/wp\/v2\/pages\/27\/revisions"}],"predecessor-version":[{"id":1930,"href":"https:\/\/studio-photo-salon.fr\/index.php\/wp-json\/wp\/v2\/pages\/27\/revisions\/1930"}],"wp:attachment":[{"href":"https:\/\/studio-photo-salon.fr\/index.php\/wp-json\/wp\/v2\/media?parent=27"}],"curies":[{"name":"wp","href":"https:\/\/api.w.org\/{rel}","templated":true}]}}

<p class="has-text-align-center" style="font-size:30px"><strong>Notre Boutique, Studio Photo   </strong></p>



<p class="has-text-align-center"> un parking gratuit réservé</p>



<div class="wp-block-columns has-very-light-gray-background-color has-background is-layout-flex wp-container-core-columns-is-layout-1 wp-block-columns-is-layout-flex">
<div class="wp-block-column is-layout-flow wp-block-column-is-layout-flow">
<p class="has-text-align-center has-medium-font-size"><strong>9h &#8211; 19h </strong><br><strong>NON-STOP</strong></p>
</div>



<div class="wp-block-column is-layout-flow wp-block-column-is-layout-flow">
<p class="has-text-align-center has-medium-font-size"><strong>Ouvert tous les jours- sauf dimanche </strong><br><strong>et jours férié</strong>s</p>
</div>
</div>



<div class="wp-block-columns is-layout-flex wp-container-core-columns-is-layout-2 wp-block-columns-is-layout-flex">
<div class="wp-block-column is-layout-flow wp-block-column-is-layout-flow">
<figure class="wp-block-image size-large"><img loading="lazy" decoding="async" width="1024" height="683" src="https://studio-photo-salon.fr/wp-content/uploads/2017/10/0002-1-1024x683.jpg" alt="" class="wp-image-1060" srcset="https://studio-photo-salon.fr/wp-content/uploads/2017/10/0002-1-1024x683.jpg 1024w, https://studio-photo-salon.fr/wp-content/uploads/2017/10/0002-1-300x200.jpg 300w, https://studio-photo-salon.fr/wp-content/uploads/2017/10/0002-1-768x512.jpg 768w" sizes="auto, (max-width: 1024px) 100vw, 1024px" /></figure>
</div>



<div class="wp-block-column is-layout-flow wp-block-column-is-layout-flow">
<figure class="wp-block-image size-large"><img loading="lazy" decoding="async" width="1024" height="683" src="https://studio-photo-salon.fr/wp-content/uploads/2017/10/0001-1-1024x683.jpg" alt="" class="wp-image-1059" srcset="https://studio-photo-salon.fr/wp-content/uploads/2017/10/0001-1-1024x683.jpg 1024w, https://studio-photo-salon.fr/wp-content/uploads/2017/10/0001-1-300x200.jpg 300w, https://studio-photo-salon.fr/wp-content/uploads/2017/10/0001-1-768x512.jpg 768w" sizes="auto, (max-width: 1024px) 100vw, 1024px" /></figure>



<p></p>
</div>
</div>



<p class="has-text-align-center has-very-light-gray-background-color has-background has-medium-font-size">Studio Photo Salon de Provence<br>50 Chemin de rigaud- 13300 Salon de Provence<br>04.90.53.31.43</p>



<p></p>



<p>&nbsp;</p>
<p><iframe loading="lazy" style="border: 0;" src="https://www.google.com/maps/embed?pb=!1m18!1m12!1m3!1d2888.2475293827683!2d5.085083015496733!3d43.62220677912234!2m3!1f0!2f0!3f0!3m2!1i1024!2i768!4f13.1!3m3!1m2!1s0x0%3A0x7484ce3e8a5f66d9!2sStudio+photo!5e0!3m2!1sfr!2sfr!4v1563626829523!5m2!1sfr!2sfr" width="1200" height="450" frameborder="0" allowfullscreen="allowfullscreen"></iframe></p>



<div class="wp-block-columns is-layout-flex wp-container-core-columns-is-layout-3 wp-block-columns-is-layout-flex">
<div class="wp-block-column is-layout-flow wp-block-column-is-layout-flow">
<p class="has-text-align-center has-normal-font-size">Nous contacter par téléphone:</p>



<p class="has-text-align-center has-large-font-size">04.90.53.31.43</p>
</div>



<div class="wp-block-column is-layout-flow wp-block-column-is-layout-flow">
<p class="has-text-align-center has-normal-font-size">Notre page Facebook:</p>



<figure class="wp-block-image size-large"><a href="https://www.facebook.com/studiophotosalondeprovence" target="_blank" rel="noopener noreferrer"><img loading="lazy" decoding="async" width="512" height="102" src="https://studio-photo-salon.fr/wp-content/uploads/2020/10/cont-facebook.jpg" alt="" class="wp-image-1545" srcset="https://studio-photo-salon.fr/wp-content/uploads/2020/10/cont-facebook.jpg 512w, https://studio-photo-salon.fr/wp-content/uploads/2020/10/cont-facebook-300x60.jpg 300w, https://studio-photo-salon.fr/wp-content/uploads/2020/10/cont-facebook-510x102.jpg 510w" sizes="auto, (max-width: 512px) 100vw, 512px" /></a></figure>
</div>



<div class="wp-block-column is-layout-flow wp-block-column-is-layout-flow">
<p class="has-text-align-center has-normal-font-size">Nous contacter par mail:</p>



<figure class="wp-block-image size-large"><img loading="lazy" decoding="async" width="400" height="80" src="https://studio-photo-salon.fr/wp-content/uploads/2020/10/cont-mail.jpg" alt="" class="wp-image-1544" srcset="https://studio-photo-salon.fr/wp-content/uploads/2020/10/cont-mail.jpg 400w, https://studio-photo-salon.fr/wp-content/uploads/2020/10/cont-mail-300x60.jpg 300w" sizes="auto, (max-width: 400px) 100vw, 400px" /></figure>
</div>
</div>



<p></p>

<p>Notre Boutique, Studio Photo un parking gratuit réservé 9h &#8211; 19h NON-STOP Ouvert tous les jours- sauf dimanche et jours fériés Studio Photo Salon de Provence50 Chemin de rigaud- 13300 Salon de Provence04.90.53.31.43 &nbsp; Nous contacter par téléphone: 04.90.53.31.43 Notre page Facebook: Nous contacter par mail:</p>

<!-- This site is optimized with the Yoast SEO plugin v24.5 - https://yoast.com/wordpress/plugins/seo/ -->
<title>Contact - Studio Photo Salon de Provence</title>
<meta name="robots" content="index, follow, max-snippet:-1, max-image-preview:large, max-video-preview:-1" />
<link rel="canonical" href="https://studio-photo-salon.fr/index.php/contact/" />
<meta property="og:locale" content="fr_FR" />
<meta property="og:type" content="article" />
<meta property="og:title" content="Contact - Studio Photo Salon de Provence" />
<meta property="og:description" content="Notre Boutique, Studio Photo un parking gratuit réservé 9h &#8211; 19h NON-STOP Ouvert tous les jours- sauf dimanche et jours fériés Studio Photo Salon de Provence50 Chemin de rigaud- 13300 Salon de Provence04.90.53.31.43 &nbsp; Nous contacter par téléphone: 04.90.53.31.43 Notre page Facebook: Nous contacter par mail:" />
<meta property="og:url" content="https://studio-photo-salon.fr/index.php/contact/" />
<meta property="og:site_name" content="Studio Photo Salon de Provence" />
<meta property="article:modified_time" content="2023-04-14T14:12:28+00:00" />
<meta property="og:image" content="https://studio-photo-salon.fr/wp-content/uploads/2017/10/0002-1-1024x683.jpg" />
<meta name="twitter:card" content="summary_large_image" />
<script type="application/ld+json" class="yoast-schema-graph">{"@context":"https://schema.org","@graph":[{"@type":"WebPage","@id":"https://studio-photo-salon.fr/index.php/contact/","url":"https://studio-photo-salon.fr/index.php/contact/","name":"Contact - Studio Photo Salon de Provence","isPartOf":{"@id":"https://studio-photo-salon.fr/#website"},"primaryImageOfPage":{"@id":"https://studio-photo-salon.fr/index.php/contact/#primaryimage"},"image":{"@id":"https://studio-photo-salon.fr/index.php/contact/#primaryimage"},"thumbnailUrl":"https://studio-photo-salon.fr/wp-content/uploads/2017/10/0002-1-1024x683.jpg","datePublished":"2017-10-16T09:31:15+00:00","dateModified":"2023-04-14T14:12:28+00:00","breadcrumb":{"@id":"https://studio-photo-salon.fr/index.php/contact/#breadcrumb"},"inLanguage":"fr-FR","potentialAction":[{"@type":"ReadAction","target":["https://studio-photo-salon.fr/index.php/contact/"]}]},{"@type":"ImageObject","inLanguage":"fr-FR","@id":"https://studio-photo-salon.fr/index.php/contact/#primaryimage","url":"https://studio-photo-salon.fr/wp-content/uploads/2017/10/0002-1.jpg","contentUrl":"https://studio-photo-salon.fr/wp-content/uploads/2017/10/0002-1.jpg","width":4594,"height":3063},{"@type":"BreadcrumbList","@id":"https://studio-photo-salon.fr/index.php/contact/#breadcrumb","itemListElement":[{"@type":"ListItem","position":1,"name":"Accueil","item":"https://studio-photo-salon.fr/"},{"@type":"ListItem","position":2,"name":"Contact"}]},{"@type":"WebSite","@id":"https://studio-photo-salon.fr/#website","url":"https://studio-photo-salon.fr/","name":"Studio Photo Salon de Provence","description":"Laboratoire et Studio photo","potentialAction":[{"@type":"SearchAction","target":{"@type":"EntryPoint","urlTemplate":"https://studio-photo-salon.fr/?s={search_term_string}"},"query-input":{"@type":"PropertyValueSpecification","valueRequired":true,"valueName":"search_term_string"}}],"inLanguage":"fr-FR"}]}</script>
<!-- / Yoast SEO plugin. -->

Notre Boutique, Studio Photo un parking gratuit réservé 9h &#8211; 19h NON-STOP Ouvert tous les jours- sauf dimanche et jours fériés Studio Photo Salon de Provence50 Chemin de rigaud- 13300 Salon de Provence04.90.53.31.43 &nbsp; Nous contacter par téléphone: 04.90.53.31.43 Notre page Facebook: Nous contacter par mail:
